{"id":2665,"date":"2025-11-08T13:50:59","date_gmt":"2025-11-08T16:50:59","guid":{"rendered":"https:\/\/nextdrillrigs.cl\/contenido\/?page_id=2665"},"modified":"2025-11-24T20:30:48","modified_gmt":"2025-11-24T23:30:48","slug":"producto-planta-de-lodo","status":"publish","type":"page","link":"https:\/\/nextdrillrigs.cl\/contenido\/producto-planta-de-lodo\/","title":{"rendered":"Producto Planta de lodo"},"content":{"rendered":"<div>\n<p>    <img decoding=\"async\" src=\"\/contenido\/wp-content\/uploads\/2025\/11\/next-drill-rigs-slider-maquinaria-2.png\" alt=\"\"><\/p>\n<h2>\n<p style=\"font-family:Play, Sans-serif; font-size: 23px; font-weight: 700; text-transform: none; font-style: normal; line-height: 1.1em; letter-spacing: 0px; word-spacing: 0em;\">PLANTA DE LODO<\/p>\n<\/h2>\n<p>NEXT DRILL RIGS<\/p>\n<div>\n<p><span style=\"font-family: Play, Sans-serif; font-size: 16px; font-weight: bold; text-transform: none; font-style: normal; line-height: 0.9em; letter-spacing: 0px; word-spacing: 0em;\"> ROD HANDLER NEXT H3Y PLUS <\/span><\/p>\n<\/div>\n<\/div>\n<p><img decoding=\"async\" src=\"\/contenido\/wp-content\/uploads\/2025\/10\/next-drill-rigs-rect-negro-amarillo.png\" alt=\"\"><\/p>\n<h2>\n<p style=\"font-family:Play, Sans-serif; font-size: 35px; font-weight: 700; text-transform: none; font-style: normal; line-height: 1.1em; letter-spacing: 0px; word-spacing: 0em;\">PLANTA DE LODO SUBTERR\u00c1NEA<\/p>\n<p style=\"font-family:Play, Sans-serif; font-size: 23px; font-weight: 700; text-transform: none; font-style: normal; line-height: 1.1em; letter-spacing: 0px; word-spacing: 0em;\">MP &#8211; 10K<\/p>\n<\/h2>\n<p><img decoding=\"async\" src=\"\/contenido\/wp-content\/uploads\/2025\/09\/planta-lodo.webp\" alt=\"\"><\/p>\n<h2>\n<p style=\"font-family:Play, Sans-serif; font-size: 35px; font-weight: 700; text-transform: none; font-style: normal; line-height: 1.1em; letter-spacing: 0px; word-spacing: 0em;\">PLANTA DE LODO SUPERFICIE<\/p>\n<p style=\"font-family:Play, Sans-serif; font-size: 23px; font-weight: 700; text-transform: none; font-style: normal; line-height: 1.1em; letter-spacing: 0px; word-spacing: 0em;\">MP &#8211; 10K<\/p>\n<\/h2>\n<p><img decoding=\"async\" src=\"\/contenido\/wp-content\/uploads\/2025\/11\/planta_de_lodo_superficie.webp\" alt=\"\"><\/p>\n<ul>\n<li>\n<p><a href=\"\/contenido\/wp-content\/uploads\/2025\/11\/Planta-de-Lodo.pdf\"><\/p>\n<h4>Descargar Ficha T\u00e9cnica<\/h4>\n<p><\/a><\/p>\n<\/li>\n<li>\n<p><a href=\"https:\/\/nextdrillrigs.cl\/wp-content\/uploads\/2025\/09\/H3Y-MANUAL-DE-PARTES.pdf\"><\/p>\n<h4>Descargar Manual<\/h4>\n<p><\/a><\/p>\n<\/li>\n<\/ul>\n<h2>\n<p style=\"font-family:Play, Sans-serif; font-size: 30px; font-weight: 700; text-transform: none; font-style: normal; line-height: 1.1em; letter-spacing: 0px; word-spacing: 0em;\">INFORMACI\u00d3N T\u00c9CNICA<\/p>\n<\/h2>\n<div>\n<div style=\"height:10px\"><\/div>\n<\/div>\n<div>\n<style>\n.texto {\nfont-family:\"Montserrat\", Sans-serif;\nfont-size: 16px;\nfont-weight: 500;\nline-height: 0.8;\nletter-spacing: 0px;\nword-spacing: 0em;\ncolor:#000;\n}\n<\/style>\n<p> <span class=\"texto\">El equipo permite preparar lodo mediante un innovador sistema de JET, para mezcla de aditivos s\u00f3lidos. <\/p>\n<p>Su estanque de 1.800 litros de almacenamiento asegura un tiempo de hidrataci\u00f3n para el lodo de al menos una hora, pudiendo trasvasijar el lodo preparado a un estanque auxiliar con la misma bomba del equipo. <\/p>\n<p>Finalmente, el lodo que retorna del pozo es transferido al equipo separador de s\u00f3lidos, que vuelve el lodo limpio con sus aditivos al tanque principal, para su reutilizaci\u00f3n y deriva los s\u00f3lidos sobre 35 micrones a un dep\u00f3sito externo, para su disposici\u00f3n final.<\/span><\/div>\n<ul>\n<li>\n<p>        <img decoding=\"async\" src=\"\/contenido\/wp-content\/uploads\/2025\/09\/handler-2025.png-76b7b10b-1.webp\" alt=\"\"><\/p>\n<h3>\n<p style=\"font-family:Play, Sans-serif; font-size: 23px; font-weight: 700; text-transform: none; font-style: normal; line-height: 1.1em; letter-spacing: 0px; word-spacing: 0em;\">MANIPULADOR DE BARRAS<\/p>\n<\/h3>\n<div>\n<p><span style=\"font-family: Play, Sans-serif; font-size: 16px; font-weight: bold; text-transform: none; font-style: normal; line-height: 0.9em; letter-spacing: 0px; word-spacing: 0em;\"> ROD HANDLER NEXT H3Y PLUS <\/span><\/p>\n<\/div>\n<p><a href=\"\/contenido\/producto-manipulador-de-barra\/\">VER PRODUCTO<\/a><\/p>\n<\/li>\n<li>\n<p>        <img decoding=\"async\" src=\"\/contenido\/wp-content\/uploads\/2025\/09\/Feeder1.png-1d7c1744.webp\" alt=\"\"><\/p>\n<h3>\n<p style=\"font-family:Play, Sans-serif; font-size: 23px; font-weight: 700; text-transform: none; font-style: normal; line-height: 1.1em; letter-spacing: 0px; word-spacing: 0em;\">ALIMENTADOR DE BARRAS<\/p>\n<\/h3>\n<div>\n<p><span style=\"font-family: Play, Sans-serif; font-size: 16px; font-weight: bold; text-transform: none; font-style: normal; line-height: 0.9em; letter-spacing: 0px; word-spacing: 0em;\">  ROD FEEDER <\/span><\/p>\n<\/div>\n<p><a href=\"\/contenido\/producto-alimentador-de-barra\/\">VER PRODUCTO<\/a><\/p>\n<\/li>\n<li>\n<p>        <img decoding=\"async\" src=\"\/contenido\/wp-content\/uploads\/2025\/09\/planta-lodo.webp\" alt=\"\"><\/p>\n<h3>\n<p style=\"font-family:Play, Sans-serif; font-size: 23px; font-weight: 700; text-transform: none; font-style: normal; line-height: 1.1em; letter-spacing: 0px; word-spacing: 0em;\">PLANTAS DE LODO&ensp;&ensp;&ensp;&ensp;&ensp;&ensp;&ensp;&ensp;&ensp;&ensp;&ensp;&ensp;&ensp;&ensp;&ensp;<\/p>\n<\/h3>\n<div>\n<p><span style=\"font-family: Play, Sans-serif; font-size: 16px; font-weight: bold; text-transform: none; font-style: normal; line-height: 0.9em; letter-spacing: 0px; word-spacing: 0em;\">  MP &#8211; 10k <\/span><\/p>\n<\/div>\n<p><a href=\"\/contenido\/producto-planta-de-lodo\/\">VER PRODUCTO<\/a><\/p>\n<\/li>\n<li>\n<p>        <img decoding=\"async\" src=\"\/contenido\/wp-content\/uploads\/2025\/09\/extractor.webp\" alt=\"\"><\/p>\n<h3>\n<p style=\"font-family:Play, Sans-serif; font-size: 23px; font-weight: 700; text-transform: none; font-style: normal; line-height: 1.1em; letter-spacing: 0px; word-spacing: 0em;\">EXTRACTOR DE MUESTRA <\/p>\n<\/h3>\n<div>\n<p><span style=\"font-family: Play, Sans-serif; font-size: 16px; font-weight: bold; text-transform: none; font-style: normal; line-height: 0.9em; letter-spacing: 0px; word-spacing: 0em;\">  PUSH CORE P-3200<\/span><\/p>\n<\/div>\n<p><a href=\"\/contenido\/producto-extractor-de-muestra-hidraulico\/\">VER PRODUCTO<\/a><\/p>\n<\/li>\n<\/ul>\n<p><!--more--><br \/>\n<!-- {\"type\":\"layout\",\"children\":[{\"type\":\"section\",\"props\":{\"animation\":\"slide-left-small\",\"header_transparent\":false,\"header_transparent_noplaceholder\":true,\"height\":\"page\",\"image_position\":\"center-center\",\"padding\":\"none\",\"padding_remove_bottom\":true,\"padding_remove_top\":true,\"sticky\":\"cover\",\"style\":\"muted\",\"title_breakpoint\":\"xl\",\"title_position\":\"top-left\",\"title_rotation\":\"left\",\"vertical_align\":\"middle\",\"width\":\"\"},\"children\":[{\"type\":\"row\",\"children\":[{\"type\":\"column\",\"props\":{\"image_position\":\"center-center\",\"position_sticky_breakpoint\":\"m\"},\"children\":[{\"type\":\"slideshow\",\"props\":{\"image_loading\":true,\"image_width\":2560,\"link_style\":\"default\",\"link_text\":\"Read more\",\"margin\":\"default\",\"meta_align\":\"above-title\",\"meta_element\":\"div\",\"meta_style\":\"text-meta\",\"nav\":\"dotnav\",\"nav_align\":\"center\",\"nav_breakpoint\":\"s\",\"nav_position\":\"bottom-center\",\"nav_position_margin\":\"medium\",\"overlay_animation\":\"parallax\",\"overlay_container\":\"default\",\"overlay_position\":\"center-left\",\"overlay_width\":\"2xlarge\",\"show_content\":true,\"show_link\":true,\"show_meta\":true,\"show_thumbnail\":true,\"show_title\":true,\"slidenav\":\"default\",\"slidenav_breakpoint\":\"m\",\"slidenav_large\":true,\"slidenav_margin\":\"large\",\"slidenav_outside_breakpoint\":\"xl\",\"slideshow_autoplay\":true,\"slideshow_autoplay_interval\":\"15\",\"slideshow_autoplay_pause\":false,\"slideshow_min_height\":\"300\",\"slideshow_ratio\":\"2560:600\",\"text_color\":\"light\",\"thumbnav_height\":\"75\",\"thumbnav_svg_color\":\"emphasis\",\"thumbnav_width\":\"100\",\"title_element\":\"h2\",\"title_hover_style\":\"reset\",\"title_style\":\"h1\"},\"children\":[{\"type\":\"slideshow_item\",\"props\":{\"content\":\"\n\n<p><span style=\\\"font-family: Play, Sans-serif; font-size: 16px; font-weight: bold; text-transform: none; font-style: normal; line-height: 0.9em; letter-spacing: 0px; word-spacing: 0em;\\\"> ROD HANDLER NEXT H3Y PLUS <\\\/span><\\\/p>\",\"image\":\"wp-content\\\/uploads\\\/2025\\\/11\\\/next-drill-rigs-slider-maquinaria-2.png\",\"meta\":\"NEXT DRILL RIGS\",\"title\":\"\n\n<p style=\\\"font-family:Play, Sans-serif; font-size: 23px; font-weight: 700; text-transform: none; font-style: normal; line-height: 1.1em; letter-spacing: 0px; word-spacing: 0em;\\\">PLANTA DE LODO<\\\/p>\"}}]}]}]},{\"type\":\"row\",\"props\":{\"alignment\":\"center\",\"height\":\"pixels\",\"height_viewport\":12,\"margin\":\"remove-vertical\",\"margin_remove_bottom\":true,\"margin_remove_top\":true},\"children\":[{\"type\":\"column\",\"props\":{\"image_position\":\"center-center\",\"position_sticky_breakpoint\":\"m\"},\"children\":[{\"type\":\"image\",\"props\":{\"height_expand\":true,\"image\":\"wp-content\\\/uploads\\\/2025\\\/10\\\/next-drill-rigs-rect-negro-amarillo.png\",\"image_svg_color\":\"emphasis\",\"margin\":\"default\",\"margin_remove_bottom\":true,\"margin_remove_top\":true}}]}]}]},{\"name\":\"Product description\",\"type\":\"section\",\"props\":{\"animation\":\"slide-bottom-small\",\"height\":\"section\",\"height_offset_top\":true,\"image_position\":\"center-center\",\"image_size\":\"cover\",\"padding_remove_bottom\":false,\"padding_remove_top\":false,\"style\":\"default\",\"title_breakpoint\":\"xl\",\"title_position\":\"top-left\",\"title_rotation\":\"left\",\"vertical_align\":\"\",\"width\":\"default\"},\"children\":[{\"type\":\"row\",\"props\":{\"column_gap\":\"large\",\"divider\":true,\"layout\":\"2-5,3-5\",\"row_gap\":\"large\"},\"children\":[{\"type\":\"column\",\"props\":{\"image_position\":\"center-center\",\"position_sticky_breakpoint\":\"m\",\"width_medium\":\"2-5\"},\"children\":[{\"type\":\"headline\",\"props\":{\"content\":\"\n\n<p style=\\\"font-family:Play, Sans-serif; font-size: 35px; font-weight: 700; text-transform: none; font-style: normal; line-height: 1.1em; letter-spacing: 0px; word-spacing: 0em;\\\">PLANTA DE LODO SUBTERR\\u00c1NEA<\\\/p>\\n\\n\n\n<p style=\\\"font-family:Play, Sans-serif; font-size: 23px; font-weight: 700; text-transform: none; font-style: normal; line-height: 1.1em; letter-spacing: 0px; word-spacing: 0em;\\\">MP - 10K<\\\/p>\\n\",\"maxwidth\":\"2xlarge\",\"title_element\":\"h2\",\"title_style\":\"h1\"}},{\"type\":\"divider\",\"props\":{\"divider_element\":\"div\",\"divider_style\":\"small\"}},{\"type\":\"image\",\"props\":{\"image\":\"wp-content\\\/uploads\\\/2025\\\/09\\\/planta-lodo.webp\",\"image_loading\":true,\"image_svg_color\":\"emphasis\",\"image_width\":600,\"margin\":\"default\"}},{\"type\":\"headline\",\"props\":{\"content\":\"\n\n<p style=\\\"font-family:Play, Sans-serif; font-size: 35px; font-weight: 700; text-transform: none; font-style: normal; line-height: 1.1em; letter-spacing: 0px; word-spacing: 0em;\\\">PLANTA DE LODO SUPERFICIE<\\\/p>\\n\\n\n\n<p style=\\\"font-family:Play, Sans-serif; font-size: 23px; font-weight: 700; text-transform: none; font-style: normal; line-height: 1.1em; letter-spacing: 0px; word-spacing: 0em;\\\">MP - 10K<\\\/p>\\n\",\"maxwidth\":\"2xlarge\",\"title_element\":\"h2\",\"title_style\":\"h1\"}},{\"type\":\"divider\",\"props\":{\"divider_element\":\"div\",\"divider_style\":\"small\"}},{\"type\":\"image\",\"props\":{\"image\":\"wp-content\\\/uploads\\\/2025\\\/11\\\/planta_de_lodo_superficie.webp\",\"image_loading\":true,\"image_svg_color\":\"emphasis\",\"image_width\":600,\"margin\":\"default\"}},{\"type\":\"list\",\"props\":{\"column_breakpoint\":\"m\",\"image_align\":\"left\",\"image_svg_color\":\"emphasis\",\"image_vertical_align\":true,\"list_element\":\"ul\",\"list_horizontal_separator\":\", \",\"list_style\":\"divider\",\"list_type\":\"vertical\",\"show_image\":true,\"show_link\":true},\"children\":[{\"type\":\"list_item\",\"props\":{\"content\":\"\n\n<h4>Descargar Ficha T\\u00e9cnica<\\\/h4>\",\"icon\":\"download\",\"link\":\"wp-content\\\/uploads\\\/2025\\\/11\\\/Planta-de-Lodo.pdf\",\"link_target\":true}},{\"type\":\"list_item\",\"props\":{\"content\":\"\n\n<h4>Descargar Manual<\\\/h4>\",\"icon\":\"download\",\"link\":\"https:\\\/\\\/nextdrillrigs.cl\\\/wp-content\\\/uploads\\\/2025\\\/09\\\/H3Y-MANUAL-DE-PARTES.pdf\",\"link_target\":true}}]}]},{\"type\":\"column\",\"props\":{\"image_position\":\"center-center\",\"position_sticky_breakpoint\":\"m\",\"width_medium\":\"3-5\"},\"children\":[{\"type\":\"headline\",\"props\":{\"content\":\"\n\n<p style=\\\"font-family:Play, Sans-serif; font-size: 30px; font-weight: 700; text-transform: none; font-style: normal; line-height: 1.1em; letter-spacing: 0px; word-spacing: 0em;\\\">INFORMACI\\u00d3N T\\u00c9CNICA<\\\/p>\\n\\n\",\"maxwidth\":\"2xlarge\",\"title_element\":\"h2\",\"title_style\":\"h1\"}},{\"type\":\"divider\",\"props\":{\"divider_element\":\"div\",\"divider_style\":\"small\"}},{\"type\":\"html\",\"props\":{\"content\":\"\n\n<div style=\\\"height:10px\\\"><\\\/div>\"}},{\"type\":\"text\",\"props\":{\"column_breakpoint\":\"m\",\"content\":\"\n\n<style>\\n.texto {\\nfont-family:\\\"Montserrat\\\", Sans-serif;\\nfont-size: 16px;\\nfont-weight: 500;\\nline-height: 0.8;\\nletter-spacing: 0px;\\nword-spacing: 0em;\\ncolor:#000;\\n}\\n<\\\/style> <span class=\\\"texto\\\">El equipo permite preparar lodo mediante un innovador sistema de JET, para mezcla de aditivos s\\u00f3lidos. <br \\\/><br \\\/>Su estanque de 1.800 litros de almacenamiento asegura un tiempo de hidrataci\\u00f3n para el lodo de al menos una hora, pudiendo trasvasijar el lodo preparado a un estanque auxiliar con la misma bomba del equipo. <br \\\/><br \\\/>Finalmente, el lodo que retorna del pozo es transferido al equipo separador de s\\u00f3lidos, que vuelve el lodo limpio con sus aditivos al tanque principal, para su reutilizaci\\u00f3n y deriva los s\\u00f3lidos sobre 35 micrones a un dep\\u00f3sito externo, para su disposici\\u00f3n final.<\\\/span>\",\"margin\":\"default\"}}]}]}]},{\"type\":\"section\",\"props\":{\"image_position\":\"center-center\",\"style\":\"default\",\"title_breakpoint\":\"xl\",\"title_position\":\"top-left\",\"title_rotation\":\"left\",\"vertical_align\":\"middle\",\"width\":\"default\"},\"children\":[{\"type\":\"row\",\"children\":[{\"type\":\"column\",\"props\":{\"image_position\":\"center-center\",\"position_sticky_breakpoint\":\"m\"},\"children\":[{\"type\":\"grid\",\"props\":{\"content_column_breakpoint\":\"m\",\"filter_align\":\"left\",\"filter_all\":true,\"filter_grid_breakpoint\":\"m\",\"filter_grid_width\":\"auto\",\"filter_position\":\"top\",\"filter_style\":\"tab\",\"grid_column_align\":true,\"grid_column_gap\":\"medium\",\"grid_default\":\"1\",\"grid_large\":\"4\",\"grid_medium\":\"auto\",\"grid_row_align\":true,\"grid_small\":\"2\",\"grid_xlarge\":\"4\",\"icon_width\":\"120\",\"image_align\":\"top\",\"image_grid_breakpoint\":\"m\",\"image_grid_width\":\"1-2\",\"image_height\":288,\"image_loading\":true,\"image_svg_color\":\"emphasis\",\"image_width\":420,\"item_animation\":true,\"lightbox_bg_close\":true,\"link_fullwidth\":false,\"link_size\":\"small\",\"link_style\":\"primary\",\"link_target\":false,\"link_text\":\"VER PRODUCTO\",\"margin\":\"default\",\"meta_align\":\"below-title\",\"meta_element\":\"div\",\"meta_style\":\"text-meta\",\"panel_link\":true,\"panel_padding\":\"small\",\"panel_style\":\"card-secondary\",\"show_content\":true,\"show_hover_image\":true,\"show_hover_video\":true,\"show_image\":true,\"show_link\":true,\"show_meta\":true,\"show_title\":true,\"show_video\":true,\"title_align\":\"top\",\"title_element\":\"h3\",\"title_grid_breakpoint\":\"m\",\"title_grid_width\":\"1-2\",\"title_hover_style\":\"reset\",\"title_style\":\"text-lead\"},\"children\":[{\"type\":\"grid_item\",\"props\":{\"content\":\"\n\n<p><span style=\\\"font-family: Play, Sans-serif; font-size: 16px; font-weight: bold; text-transform: none; font-style: normal; line-height: 0.9em; letter-spacing: 0px; word-spacing: 0em;\\\"> ROD HANDLER NEXT H3Y PLUS <\\\/span><\\\/p>\",\"image\":\"wp-content\\\/uploads\\\/2025\\\/09\\\/handler-2025.png-76b7b10b-1.webp\",\"link\":\"producto-manipulador-de-barra\\\/\",\"title\":\"\n\n<p style=\\\"font-family:Play, Sans-serif; font-size: 23px; font-weight: 700; text-transform: none; font-style: normal; line-height: 1.1em; letter-spacing: 0px; word-spacing: 0em;\\\">MANIPULADOR DE BARRAS<\\\/p>\"}},{\"type\":\"grid_item\",\"props\":{\"content\":\"\n\n<p><span style=\\\"font-family: Play, Sans-serif; font-size: 16px; font-weight: bold; text-transform: none; font-style: normal; line-height: 0.9em; letter-spacing: 0px; word-spacing: 0em;\\\">  ROD FEEDER <\\\/span><\\\/p>\",\"image\":\"wp-content\\\/uploads\\\/2025\\\/09\\\/Feeder1.png-1d7c1744.webp\",\"link\":\"producto-alimentador-de-barra\\\/\",\"title\":\"\n\n<p style=\\\"font-family:Play, Sans-serif; font-size: 23px; font-weight: 700; text-transform: none; font-style: normal; line-height: 1.1em; letter-spacing: 0px; word-spacing: 0em;\\\">ALIMENTADOR DE BARRAS<\\\/p>\"}},{\"type\":\"grid_item\",\"props\":{\"content\":\"\n\n<p><span style=\\\"font-family: Play, Sans-serif; font-size: 16px; font-weight: bold; text-transform: none; font-style: normal; line-height: 0.9em; letter-spacing: 0px; word-spacing: 0em;\\\">  MP - 10k <\\\/span><\\\/p>\",\"image\":\"wp-content\\\/uploads\\\/2025\\\/09\\\/planta-lodo.webp\",\"link\":\"producto-planta-de-lodo\\\/\",\"title\":\"\n\n<p style=\\\"font-family:Play, Sans-serif; font-size: 23px; font-weight: 700; text-transform: none; font-style: normal; line-height: 1.1em; letter-spacing: 0px; word-spacing: 0em;\\\">PLANTAS DE LODO&ensp;&ensp;&ensp;&ensp;&ensp;&ensp;&ensp;&ensp;&ensp;&ensp;&ensp;&ensp;&ensp;&ensp;&ensp;<\\\/p>\"}},{\"type\":\"grid_item\",\"props\":{\"content\":\"\n\n<p><span style=\\\"font-family: Play, Sans-serif; font-size: 16px; font-weight: bold; text-transform: none; font-style: normal; line-height: 0.9em; letter-spacing: 0px; word-spacing: 0em;\\\">  PUSH CORE P-3200<\\\/span><\\\/p>\",\"image\":\"wp-content\\\/uploads\\\/2025\\\/09\\\/extractor.webp\",\"link\":\"producto-extractor-de-muestra-hidraulico\\\/\",\"title\":\"\n\n<p style=\\\"font-family:Play, Sans-serif; font-size: 23px; font-weight: 700; text-transform: none; font-style: normal; line-height: 1.1em; letter-spacing: 0px; word-spacing: 0em;\\\">EXTRACTOR DE MUESTRA <\\\/p>\"}}]}]}]}]}],\"version\":\"4.5.21\"} --><\/p>\n","protected":false},"excerpt":{"rendered":"<p>PLANTA DE LODO NEXT DRILL RIGS ROD HANDLER NEXT H3Y PLUS PLANTA DE LODO SUBTERR\u00c1NEA MP &#8211; 10K PLANTA DE LODO SUPERFICIE MP &#8211; 10K Descargar Ficha T\u00e9cnica Descargar Manual INFORMACI\u00d3N T\u00c9CNICA El equipo permite preparar lodo mediante un innovador sistema de JET, para mezcla de aditivos s\u00f3lidos. Su estanque de 1.800 litros de almacenamiento [&hellip;]<\/p>\n","protected":false},"author":1,"featured_media":0,"parent":0,"menu_order":2,"comment_status":"closed","ping_status":"closed","template":"","meta":{"footnotes":""},"class_list":["post-2665","page","type-page","status-publish","hentry"],"yoast_head":"<!-- This site is optimized with the Yoast SEO plugin v26.2 - https:\/\/yoast.com\/wordpress\/plugins\/seo\/ -->\n<title>Producto Planta de lodo - Next Drill Rigs<\/title>\n<meta name=\"robots\" content=\"index, follow, max-snippet:-1, max-image-preview:large, max-video-preview:-1\" \/>\n<link rel=\"canonical\" href=\"https:\/\/nextdrillrigs.cl\/contenido\/producto-planta-de-lodo\/\" \/>\n<meta property=\"og:locale\" content=\"es_ES\" \/>\n<meta property=\"og:type\" content=\"article\" \/>\n<meta property=\"og:title\" content=\"Producto Planta de lodo - Next Drill Rigs\" \/>\n<meta property=\"og:description\" content=\"PLANTA DE LODO NEXT DRILL RIGS ROD HANDLER NEXT H3Y PLUS PLANTA DE LODO SUBTERR\u00c1NEA MP &#8211; 10K PLANTA DE LODO SUPERFICIE MP &#8211; 10K Descargar Ficha T\u00e9cnica Descargar Manual INFORMACI\u00d3N T\u00c9CNICA El equipo permite preparar lodo mediante un innovador sistema de JET, para mezcla de aditivos s\u00f3lidos. Su estanque de 1.800 litros de almacenamiento [&hellip;]\" \/>\n<meta property=\"og:url\" content=\"https:\/\/nextdrillrigs.cl\/contenido\/producto-planta-de-lodo\/\" \/>\n<meta property=\"og:site_name\" content=\"Next Drill Rigs\" \/>\n<meta property=\"article:modified_time\" content=\"2025-11-24T23:30:48+00:00\" \/>\n<meta name=\"twitter:card\" content=\"summary_large_image\" \/>\n<meta name=\"twitter:label1\" content=\"Tiempo de lectura\" \/>\n\t<meta name=\"twitter:data1\" content=\"1 minuto\" \/>\n<script type=\"application\/ld+json\" class=\"yoast-schema-graph\">{\"@context\":\"https:\/\/schema.org\",\"@graph\":[{\"@type\":\"WebPage\",\"@id\":\"https:\/\/nextdrillrigs.cl\/contenido\/producto-planta-de-lodo\/\",\"url\":\"https:\/\/nextdrillrigs.cl\/contenido\/producto-planta-de-lodo\/\",\"name\":\"Producto Planta de lodo - Next Drill Rigs\",\"isPartOf\":{\"@id\":\"https:\/\/nextdrillrigs.cl\/contenido\/#website\"},\"datePublished\":\"2025-11-08T16:50:59+00:00\",\"dateModified\":\"2025-11-24T23:30:48+00:00\",\"breadcrumb\":{\"@id\":\"https:\/\/nextdrillrigs.cl\/contenido\/producto-planta-de-lodo\/#breadcrumb\"},\"inLanguage\":\"es\",\"potentialAction\":[{\"@type\":\"ReadAction\",\"target\":[\"https:\/\/nextdrillrigs.cl\/contenido\/producto-planta-de-lodo\/\"]}]},{\"@type\":\"BreadcrumbList\",\"@id\":\"https:\/\/nextdrillrigs.cl\/contenido\/producto-planta-de-lodo\/#breadcrumb\",\"itemListElement\":[{\"@type\":\"ListItem\",\"position\":1,\"name\":\"Portada\",\"item\":\"https:\/\/nextdrillrigs.cl\/contenido\/\"},{\"@type\":\"ListItem\",\"position\":2,\"name\":\"Producto Planta de lodo\"}]},{\"@type\":\"WebSite\",\"@id\":\"https:\/\/nextdrillrigs.cl\/contenido\/#website\",\"url\":\"https:\/\/nextdrillrigs.cl\/contenido\/\",\"name\":\"Next Drill Rigs\",\"description\":\"\",\"potentialAction\":[{\"@type\":\"SearchAction\",\"target\":{\"@type\":\"EntryPoint\",\"urlTemplate\":\"https:\/\/nextdrillrigs.cl\/contenido\/?s={search_term_string}\"},\"query-input\":{\"@type\":\"PropertyValueSpecification\",\"valueRequired\":true,\"valueName\":\"search_term_string\"}}],\"inLanguage\":\"es\"}]}<\/script>\n<!-- \/ Yoast SEO plugin. -->","yoast_head_json":{"title":"Producto Planta de lodo - Next Drill Rigs","robots":{"index":"index","follow":"follow","max-snippet":"max-snippet:-1","max-image-preview":"max-image-preview:large","max-video-preview":"max-video-preview:-1"},"canonical":"https:\/\/nextdrillrigs.cl\/contenido\/producto-planta-de-lodo\/","og_locale":"es_ES","og_type":"article","og_title":"Producto Planta de lodo - Next Drill Rigs","og_description":"PLANTA DE LODO NEXT DRILL RIGS ROD HANDLER NEXT H3Y PLUS PLANTA DE LODO SUBTERR\u00c1NEA MP &#8211; 10K PLANTA DE LODO SUPERFICIE MP &#8211; 10K Descargar Ficha T\u00e9cnica Descargar Manual INFORMACI\u00d3N T\u00c9CNICA El equipo permite preparar lodo mediante un innovador sistema de JET, para mezcla de aditivos s\u00f3lidos. Su estanque de 1.800 litros de almacenamiento [&hellip;]","og_url":"https:\/\/nextdrillrigs.cl\/contenido\/producto-planta-de-lodo\/","og_site_name":"Next Drill Rigs","article_modified_time":"2025-11-24T23:30:48+00:00","twitter_card":"summary_large_image","twitter_misc":{"Tiempo de lectura":"1 minuto"},"schema":{"@context":"https:\/\/schema.org","@graph":[{"@type":"WebPage","@id":"https:\/\/nextdrillrigs.cl\/contenido\/producto-planta-de-lodo\/","url":"https:\/\/nextdrillrigs.cl\/contenido\/producto-planta-de-lodo\/","name":"Producto Planta de lodo - Next Drill Rigs","isPartOf":{"@id":"https:\/\/nextdrillrigs.cl\/contenido\/#website"},"datePublished":"2025-11-08T16:50:59+00:00","dateModified":"2025-11-24T23:30:48+00:00","breadcrumb":{"@id":"https:\/\/nextdrillrigs.cl\/contenido\/producto-planta-de-lodo\/#breadcrumb"},"inLanguage":"es","potentialAction":[{"@type":"ReadAction","target":["https:\/\/nextdrillrigs.cl\/contenido\/producto-planta-de-lodo\/"]}]},{"@type":"BreadcrumbList","@id":"https:\/\/nextdrillrigs.cl\/contenido\/producto-planta-de-lodo\/#breadcrumb","itemListElement":[{"@type":"ListItem","position":1,"name":"Portada","item":"https:\/\/nextdrillrigs.cl\/contenido\/"},{"@type":"ListItem","position":2,"name":"Producto Planta de lodo"}]},{"@type":"WebSite","@id":"https:\/\/nextdrillrigs.cl\/contenido\/#website","url":"https:\/\/nextdrillrigs.cl\/contenido\/","name":"Next Drill Rigs","description":"","potentialAction":[{"@type":"SearchAction","target":{"@type":"EntryPoint","urlTemplate":"https:\/\/nextdrillrigs.cl\/contenido\/?s={search_term_string}"},"query-input":{"@type":"PropertyValueSpecification","valueRequired":true,"valueName":"search_term_string"}}],"inLanguage":"es"}]}},"_links":{"self":[{"href":"https:\/\/nextdrillrigs.cl\/contenido\/wp-json\/wp\/v2\/pages\/2665","targetHints":{"allow":["GET"]}}],"collection":[{"href":"https:\/\/nextdrillrigs.cl\/contenido\/wp-json\/wp\/v2\/pages"}],"about":[{"href":"https:\/\/nextdrillrigs.cl\/contenido\/wp-json\/wp\/v2\/types\/page"}],"author":[{"embeddable":true,"href":"https:\/\/nextdrillrigs.cl\/contenido\/wp-json\/wp\/v2\/users\/1"}],"replies":[{"embeddable":true,"href":"https:\/\/nextdrillrigs.cl\/contenido\/wp-json\/wp\/v2\/comments?post=2665"}],"version-history":[{"count":13,"href":"https:\/\/nextdrillrigs.cl\/contenido\/wp-json\/wp\/v2\/pages\/2665\/revisions"}],"predecessor-version":[{"id":2768,"href":"https:\/\/nextdrillrigs.cl\/contenido\/wp-json\/wp\/v2\/pages\/2665\/revisions\/2768"}],"wp:attachment":[{"href":"https:\/\/nextdrillrigs.cl\/contenido\/wp-json\/wp\/v2\/media?parent=2665"}],"curies":[{"name":"wp","href":"https:\/\/api.w.org\/{rel}","templated":true}]}}